{"id":170,"date":"2026-03-02T14:38:50","date_gmt":"2026-03-02T13:38:50","guid":{"rendered":"https:\/\/www.ridernutritionpro.net\/?page_id=170"},"modified":"2026-03-02T14:38:51","modified_gmt":"2026-03-02T13:38:51","slug":"mentions-legales","status":"publish","type":"page","link":"https:\/\/www.ridernutritionpro.net\/?page_id=170","title":{"rendered":"Mentions l\u00e9gales"},"content":{"rendered":"\n<h3 class=\"wp-block-heading\">\u00c9dition et Propri\u00e9t\u00e9 du site internet<\/h3>\n\n\n\n<p class=\"wp-block-paragraph\">Le site internet est \u00e9dit\u00e9 par la soci\u00e9t\u00e9 RIDER NUTRITION \u2013 SPORT EQUESTRE qui en est propri\u00e9taire.&nbsp;<\/p>\n\n\n\n<p class=\"wp-block-paragraph\">Si\u00e8ge social&nbsp;:<br>19 B Quai de la R\u00e9publique<br>53100 Mayenne<br>France<\/p>\n\n\n\n<p class=\"wp-block-paragraph\">S.A.R.L. unipersonnelle au capital de 2000 Euros \u2013 RCS Laval B 984 352&nbsp;443 \u2013 SIRET&nbsp;: 98435244300019<\/p>\n\n\n\n<p class=\"wp-block-paragraph\">RIDER NUTRITION \u2013 SPORT EQUESTRE\u00ae est une marque d\u00e9pos\u00e9e par RIDER NUTRITION \u2013 SPORT EQUESTRE.<\/p>\n\n\n\n<h3 class=\"wp-block-heading\">Direction de la publication<\/h3>\n\n\n\n<p class=\"wp-block-paragraph\">Anita TRETON, G\u00e9rante<\/p>\n\n\n\n<h3 class=\"wp-block-heading\">H\u00e9bergement du site internet<\/h3>\n\n\n\n<p class=\"wp-block-paragraph\"><a href=\"https:\/\/www.ovhcloud.com\/fr\/\" target=\"_blank\" rel=\"noreferrer noopener\">SAS OVH<\/a>&nbsp;\u2013 2 rue Kellermann \u2013 BP 80157 \u2013 59100 Roubaix<\/p>\n\n\n\n<h3 class=\"wp-block-heading\">Conception et r\u00e9alisation du site internet<\/h3>\n\n\n\n<p class=\"wp-block-paragraph\"><a href=\"https:\/\/www.brionymolly.com\">Briony-Molly Media<\/a><\/p>\n","protected":false},"excerpt":{"rendered":"<p>\u00c9dition et Propri\u00e9t\u00e9 du site internet Le site internet est \u00e9dit\u00e9 par la soci\u00e9t\u00e9 RIDER NUTRITION \u2013 SPORT EQUESTRE qui en est propri\u00e9taire.&nbsp; Si\u00e8ge social&nbsp;:19 B Quai de la R\u00e9publique53100 MayenneFrance S.A.R.L. unipersonnelle au capital de 2000 Euros \u2013 RCS Laval B 984 352&nbsp;443 \u2013 SIRET&nbsp;: 98435244300019 RIDER NUTRITION \u2013 SPORT EQUESTRE\u00ae est une marque [&hellip;]<\/p>\n","protected":false},"author":1,"featured_media":0,"parent":0,"menu_order":0,"comment_status":"closed","ping_status":"closed","template":"","meta":{"_coblocks_attr":"","_coblocks_dimensions":"","_coblocks_responsive_height":"","_coblocks_accordion_ie_support":"","_crdt_document":"","_themeisle_gutenberg_block_has_review":false,"footnotes":""},"class_list":["post-170","page","type-page","status-publish","hentry"],"jetpack_sharing_enabled":true,"_links":{"self":[{"href":"https:\/\/www.ridernutritionpro.net\/index.php?rest_route=\/wp\/v2\/pages\/170","targetHints":{"allow":["GET"]}}],"collection":[{"href":"https:\/\/www.ridernutritionpro.net\/index.php?rest_route=\/wp\/v2\/pages"}],"about":[{"href":"https:\/\/www.ridernutritionpro.net\/index.php?rest_route=\/wp\/v2\/types\/page"}],"author":[{"embeddable":true,"href":"https:\/\/www.ridernutritionpro.net\/index.php?rest_route=\/wp\/v2\/users\/1"}],"replies":[{"embeddable":true,"href":"https:\/\/www.ridernutritionpro.net\/index.php?rest_route=%2Fwp%2Fv2%2Fcomments&post=170"}],"version-history":[{"count":1,"href":"https:\/\/www.ridernutritionpro.net\/index.php?rest_route=\/wp\/v2\/pages\/170\/revisions"}],"predecessor-version":[{"id":171,"href":"https:\/\/www.ridernutritionpro.net\/index.php?rest_route=\/wp\/v2\/pages\/170\/revisions\/171"}],"wp:attachment":[{"href":"https:\/\/www.ridernutritionpro.net\/index.php?rest_route=%2Fwp%2Fv2%2Fmedia&parent=170"}],"curies":[{"name":"wp","href":"https:\/\/api.w.org\/{rel}","templated":true}]}}