{"id":174,"date":"2026-03-02T14:45:59","date_gmt":"2026-03-02T13:45:59","guid":{"rendered":"https:\/\/www.ridernutritionpro.net\/?page_id=174"},"modified":"2026-03-02T14:46:17","modified_gmt":"2026-03-02T13:46:17","slug":"politique-de-confidentialite","status":"publish","type":"page","link":"https:\/\/www.ridernutritionpro.net\/?page_id=174","title":{"rendered":"Politique de confidentialit\u00e9"},"content":{"rendered":"\n<div class=\"wp-block-coblocks-accordion\">\n<div class=\"wp-block-coblocks-accordion-item\"><details><summary class=\"wp-block-coblocks-accordion-item__title\">Article 1\u2013 Collecte et protection des donn\u00e9es<\/summary><div class=\"wp-block-coblocks-accordion-item__content\">\n<p class=\"wp-block-paragraph\">Une donn\u00e9e \u00e0 caract\u00e8re personnel d\u00e9signe toute information concernant une personne physique identifi\u00e9e ou identifiable (personne concern\u00e9e). Est r\u00e9put\u00e9e identifiable une personne qui peut \u00eatre identifi\u00e9e, directement ou indirectement, notamment par r\u00e9f\u00e9rence \u00e0 un nom, un num\u00e9ro d\u2019identification ou \u00e0 un ou plusieurs \u00e9l\u00e9ments sp\u00e9cifiques, propres \u00e0 son identit\u00e9 physique, physiologique, g\u00e9n\u00e9tique, psychique, \u00e9conomique, culturelle ou sociale.&nbsp;Les informations personnelles recueillies sont principalement utilis\u00e9es par l\u2019\u00c9diteur du site internet pour am\u00e9liorer la gestion des relations avec les utilisateurs de ce site et le traitement de leurs commandes.<\/p>\n\n\n\n<p class=\"wp-block-paragraph\">Les donn\u00e9es personnelles collect\u00e9es par la soci\u00e9t\u00e9 RIDER NUTRITION \u2013 SPORT EQUESTRE sont les suivantes&nbsp;:<\/p>\n\n\n\n<ul class=\"wp-block-list\">\n<li>Nom et pr\u00e9nom<\/li>\n\n\n\n<li>Adresse e-mail<\/li>\n\n\n\n<li>Num\u00e9ro de t\u00e9l\u00e9phone<\/li>\n\n\n\n<li>Adresse<\/li>\n\n\n\n<li>Donn\u00e9es d\u2019identification, d\u2019achat et d\u2019apr\u00e8s-vente<\/li>\n<\/ul>\n<\/div><\/details><\/div>\n\n\n\n<div class=\"wp-block-coblocks-accordion-item\"><details><summary class=\"wp-block-coblocks-accordion-item__title\">Article 2 \u2013 Droit d\u2019acc\u00e8s, de rectification et de d\u00e9r\u00e9f\u00e9rencement de vos donn\u00e9es<\/summary><div class=\"wp-block-coblocks-accordion-item__content\">\n<p class=\"wp-block-paragraph\">La soci\u00e9t\u00e9 RIDER NUTRITION \u2013 SPORT EQUESTRE s\u2019engage \u00e0 respecter les dispositions du R\u00e8glement G\u00e9n\u00e9ral sur la Protection des Donn\u00e9es du 25 mai 2018. Conform\u00e9ment aux dispositions de l\u2019article 34 de la loi n\u00b0 48-87 du 6 janvier 1978, vous disposez d\u2019un droit d\u2019acc\u00e8s, de rectification et d\u2019opposition \u00e0 l\u2019utilisation des donn\u00e9es vous concernant, que vous pouvez exercer en nous adressant un message.<\/p>\n\n\n\n<p class=\"wp-block-paragraph\">Dans le respect de la r\u00e9glementation applicable aux donn\u00e9es \u00e0 caract\u00e8re personnel, les utilisateurs disposent des droits suivants&nbsp;:<\/p>\n\n\n\n<ul class=\"wp-block-list\">\n<li><strong>Le droit d\u2019acc\u00e8s\u00a0<\/strong>: ils peuvent exercer leur droit d\u2019acc\u00e8s, pour conna\u00eetre les donn\u00e9es personnelles les concernant, en \u00e9crivant \u00e0 l\u2019adresse \u00e9lectronique ci-apr\u00e8s. Dans ce cas, avant la mise en \u0153uvre de ce droit, l\u2019\u00c9diteur du site internet peut demander une preuve de l\u2019identit\u00e9 de l\u2019utilisateur afin d\u2019en v\u00e9rifier l\u2019exactitude.<\/li>\n\n\n\n<li><strong>Le droit de rectification\u00a0:<\/strong>\u00a0si les donn\u00e9es \u00e0 caract\u00e8re personnel d\u00e9tenues par l\u2019\u00c9diteur du site internet sont inexactes, ils peuvent demander la mise \u00e0 jour des informations.<\/li>\n\n\n\n<li><strong>Le droit de suppression des donn\u00e9es\u00a0<\/strong>: les utilisateurs peuvent demander la suppression de leurs donn\u00e9es \u00e0 caract\u00e8re personnel, conform\u00e9ment aux lois applicables en mati\u00e8re de protection des donn\u00e9es.<\/li>\n\n\n\n<li><strong>Le droit \u00e0 la limitation du traitement<\/strong>\u00a0: les utilisateurs peuvent demander \u00e0 l\u2019\u00c9diteur de limiter le traitement des donn\u00e9es personnelles conform\u00e9ment aux hypoth\u00e8ses pr\u00e9vues par le RGPD.<\/li>\n\n\n\n<li><strong>Le droit de s\u2019opposer au traitement des donn\u00e9es<\/strong>\u00a0: les utilisateurs peuvent s\u2019opposer \u00e0 ce que leurs donn\u00e9es soient trait\u00e9es conform\u00e9ment aux hypoth\u00e8ses pr\u00e9vues par le RGPD.<\/li>\n\n\n\n<li><strong>Le droit \u00e0 la portabilit\u00e9<\/strong>\u00a0: les utilisateurs peuvent demander \u00e0 l\u2019\u00c9diteur de leur remettre les donn\u00e9es personnelles qu\u2019ils ont fournies pour les transmettre \u00e0 un nouvel \u00c9diteur.<\/li>\n<\/ul>\n\n\n\n<p class=\"wp-block-paragraph\">Vous pouvez exercer ces droits en nous contactant \u00e0 l\u2019adresse suivante&nbsp;:&nbsp;<a href=\"https:\/\/www.ridernutrition.net\/contact\">https:\/\/www.ridernutrition.net\/contact<\/a>&nbsp;ou par e-mail, \u00e0 l\u2019adresse :&nbsp;<a href=\"mailto:contact@ridernutrition.net\">contact@ridernutrition.net<\/a>.<\/p>\n\n\n\n<p class=\"wp-block-paragraph\">Pour de plus amples informations sur ce sujet, vous pouvez consulter le site internet de la CNIL&nbsp;:&nbsp;<a href=\"https:\/\/www.cnil.fr\/\" target=\"_blank\" rel=\"noreferrer noopener\">https:\/\/www.cnil.fr\/<\/a>.<\/p>\n\n\n\n<p class=\"wp-block-paragraph\">Toute demande doit \u00eatre accompagn\u00e9e de la photocopie d\u2019un titre d\u2019identit\u00e9 en cours de validit\u00e9 sign\u00e9 et faire mention de l\u2019adresse \u00e0 laquelle l\u2019\u00c9diteur pourra contacter le demandeur. La r\u00e9ponse sera adress\u00e9e dans le mois suivant la r\u00e9ception de la demande. Ce&nbsp;d\u00e9lai d\u2019un mois peut \u00eatre prolong\u00e9 \u00e0 deux mois si la complexit\u00e9 de la demande et\/ou le nombre de demandes l\u2019exigent.<\/p>\n\n\n\n<p class=\"wp-block-paragraph\">En outre, depuis la loi n\u00b0 2016-1321 du 7 octobre 2016, les personnes qui le souhaitent, ont la possibilit\u00e9 d\u2019organiser le sort de leurs donn\u00e9es apr\u00e8s leur d\u00e9c\u00e8s. Pour de plus amples informations sur ce sujet, vous pouvez consulter le site internet de la CNIL&nbsp;:&nbsp;<a href=\"https:\/\/www.cnil.fr\/\" target=\"_blank\" rel=\"noreferrer noopener\">https:\/\/www.cnil.fr\/<\/a>.<\/p>\n\n\n\n<p class=\"wp-block-paragraph\">Les utilisateurs peuvent aussi effectuer une r\u00e9clamation aupr\u00e8s de la CNIL via le site internet :&nbsp;<a href=\"https:\/\/www.cnil.fr\/\" target=\"_blank\" rel=\"noreferrer noopener\">https:\/\/www.cnil.fr<\/a>.<\/p>\n<\/div><\/details><\/div>\n\n\n\n<div class=\"wp-block-coblocks-accordion-item\"><details><summary class=\"wp-block-coblocks-accordion-item__title\">Article 3 \u2013 Utilisation des donn\u00e9es<\/summary><div class=\"wp-block-coblocks-accordion-item__content\">\n<p class=\"wp-block-paragraph\">Les donn\u00e9es personnelles collect\u00e9es aupr\u00e8s des utilisateurs ont pour objectif la mise \u00e0 disposition des services du site internet, leur am\u00e9lioration et le maintien d\u2019un environnement s\u00e9curis\u00e9. La base l\u00e9gale des traitements est&nbsp;l\u2019ex\u00e9cution du contrat entre l\u2019utilisateur et le site internet. Plus pr\u00e9cis\u00e9ment, les utilisations sont les suivantes&nbsp;:<\/p>\n\n\n\n<ul class=\"wp-block-list\">\n<li>Acc\u00e8s et utilisation du site internet par l\u2019utilisateur<\/li>\n\n\n\n<li>Gestion du fonctionnement et optimisation du site internet<\/li>\n\n\n\n<li>Mise en \u0153uvre d\u2019une assistance utilisateurs<\/li>\n\n\n\n<li>V\u00e9rification, identification et authentification des donn\u00e9es transmises par l\u2019utilisateur<\/li>\n\n\n\n<li>Personnalisation des services en affichant des publicit\u00e9s en fonction de l\u2019historique de navigation de l\u2019utilisateur, selon ses pr\u00e9f\u00e9rences<\/li>\n\n\n\n<li>Pr\u00e9vention et d\u00e9tection des fraudes, malwares (\u00ab\u00a0malicious softwares\u00a0\u00bb ou logiciels malveillants) et gestion des incidents de s\u00e9curit\u00e9<\/li>\n\n\n\n<li>Gestion des \u00e9ventuels litiges avec les utilisateurs<\/li>\n\n\n\n<li>Envoi d\u2019informations commerciales et publicitaires, en fonction des pr\u00e9f\u00e9rences de l\u2019utilisateur<\/li>\n<\/ul>\n<\/div><\/details><\/div>\n\n\n\n<div class=\"wp-block-coblocks-accordion-item\"><details><summary class=\"wp-block-coblocks-accordion-item__title\">Article 4 \u2013 Politique de conservation des donn\u00e9es<\/summary><div class=\"wp-block-coblocks-accordion-item__content\">\n<p class=\"wp-block-paragraph\">Le site internet conserve vos donn\u00e9es pour vous fournir ses services ou son&nbsp;assistance, pendant la p\u00e9riode n\u00e9cessaire.<\/p>\n\n\n\n<p class=\"wp-block-paragraph\">Afin de parer aux obligations l\u00e9gales ou r\u00e9glementaires, r\u00e9gler des litiges, emp\u00eacher les fraudes et abus ou appliquer nos modalit\u00e9s et conditions, nous pouvons \u00e9galement conserver certaines de vos informations si n\u00e9cessaire, sur une dur\u00e9e raisonnable, m\u00eame apr\u00e8s que vous ayez ferm\u00e9 votre compte.<\/p>\n<\/div><\/details><\/div>\n\n\n\n<div class=\"wp-block-coblocks-accordion-item\"><details><summary class=\"wp-block-coblocks-accordion-item__title\">Article 5 \u2013 Partage des donn\u00e9es personnelles avec des tiers<\/summary><div class=\"wp-block-coblocks-accordion-item__content\">\n<p class=\"wp-block-paragraph\">Les donn\u00e9es personnelles peuvent \u00eatre partag\u00e9es avec des soci\u00e9t\u00e9s tierces exclusivement dans l\u2019Union Europ\u00e9enne, dans les cas suivants&nbsp;:<\/p>\n\n\n\n<ul class=\"wp-block-list\">\n<li>Lorsque l\u2019utilisateur publie, dans les zones de commentaires libres du site internet, des informations accessibles au public.<\/li>\n\n\n\n<li>Quand l\u2019utilisateur autorise un tiers \u00e0 acc\u00e9der \u00e0 ses donn\u00e9es.<\/li>\n\n\n\n<li>Quand le site internet recourt aux services de prestataires pour fournir l\u2019assistance utilisateurs, la publicit\u00e9 et les services de paiement. Ces prestataires disposent d\u2019un acc\u00e8s limit\u00e9 aux donn\u00e9es de l\u2019utilisateur, dans le cadre de l\u2019ex\u00e9cution de ces prestations, et ont l\u2019obligation contractuelle de les utiliser en conformit\u00e9 avec les dispositions de la r\u00e9glementation applicable en mati\u00e8re de protection des donn\u00e9es \u00e0 caract\u00e8re personnel.<\/li>\n\n\n\n<li>Si la loi l\u2019exige, le site internet peut effectuer la transmission de donn\u00e9es pour donner suite aux r\u00e9clamations pr\u00e9sent\u00e9es contre le site internet et se conformer aux proc\u00e9dures administratives et judiciaires.<\/li>\n<\/ul>\n<\/div><\/details><\/div>\n\n\n\n<div class=\"wp-block-coblocks-accordion-item\"><details><summary class=\"wp-block-coblocks-accordion-item__title\">Article 6 \u2013 Offres commerciales<\/summary><div class=\"wp-block-coblocks-accordion-item__content\">\n<p class=\"wp-block-paragraph\">Vous \u00eates susceptible de recevoir des offres commerciales de la part de l\u2019\u00c9diteur, par e-mail et sms. Si vous ne le souhaitez pas, veuillez adresser un e-mail \u00e0&nbsp;:&nbsp;<a href=\"mailto:contact@ridernutrition.net\">contact@ridernutrition.net<\/a>.<\/p>\n\n\n\n<p class=\"wp-block-paragraph\">Si lors de la consultation du site internet, vous acc\u00e9dez \u00e0 des donn\u00e9es \u00e0 caract\u00e8re personnel, vous devez vous abstenir de toute collecte, de toute utilisation non autoris\u00e9e et de tout acte pouvant constituer une atteinte \u00e0 la vie priv\u00e9e ou \u00e0 la r\u00e9putation des personnes. L\u2019\u00c9diteur d\u00e9cline toute responsabilit\u00e9 \u00e0 cet \u00e9gard.<\/p>\n\n\n\n<p class=\"wp-block-paragraph\">Les donn\u00e9es sont conserv\u00e9es et utilis\u00e9es pour une dur\u00e9e conforme \u00e0 la l\u00e9gislation en vigueur.<\/p>\n<\/div><\/details><\/div>\n<\/div>\n","protected":false},"excerpt":{"rendered":"","protected":false},"author":1,"featured_media":0,"parent":0,"menu_order":0,"comment_status":"closed","ping_status":"closed","template":"","meta":{"_coblocks_attr":"","_coblocks_dimensions":"","_coblocks_responsive_height":"","_coblocks_accordion_ie_support":"","_crdt_document":"","_themeisle_gutenberg_block_has_review":false,"footnotes":""},"class_list":["post-174","page","type-page","status-publish","hentry"],"jetpack_sharing_enabled":true,"_links":{"self":[{"href":"https:\/\/www.ridernutritionpro.net\/index.php?rest_route=\/wp\/v2\/pages\/174","targetHints":{"allow":["GET"]}}],"collection":[{"href":"https:\/\/www.ridernutritionpro.net\/index.php?rest_route=\/wp\/v2\/pages"}],"about":[{"href":"https:\/\/www.ridernutritionpro.net\/index.php?rest_route=\/wp\/v2\/types\/page"}],"author":[{"embeddable":true,"href":"https:\/\/www.ridernutritionpro.net\/index.php?rest_route=\/wp\/v2\/users\/1"}],"replies":[{"embeddable":true,"href":"https:\/\/www.ridernutritionpro.net\/index.php?rest_route=%2Fwp%2Fv2%2Fcomments&post=174"}],"version-history":[{"count":1,"href":"https:\/\/www.ridernutritionpro.net\/index.php?rest_route=\/wp\/v2\/pages\/174\/revisions"}],"predecessor-version":[{"id":175,"href":"https:\/\/www.ridernutritionpro.net\/index.php?rest_route=\/wp\/v2\/pages\/174\/revisions\/175"}],"wp:attachment":[{"href":"https:\/\/www.ridernutritionpro.net\/index.php?rest_route=%2Fwp%2Fv2%2Fmedia&parent=174"}],"curies":[{"name":"wp","href":"https:\/\/api.w.org\/{rel}","templated":true}]}}