{"id":176,"date":"2026-03-02T14:50:08","date_gmt":"2026-03-02T13:50:08","guid":{"rendered":"https:\/\/www.ridernutritionpro.net\/?page_id=176"},"modified":"2026-03-02T14:50:09","modified_gmt":"2026-03-02T13:50:09","slug":"politique-des-cookies","status":"publish","type":"page","link":"https:\/\/www.ridernutritionpro.net\/?page_id=176","title":{"rendered":"Politique des cookies"},"content":{"rendered":"\n<div class=\"wp-block-coblocks-accordion\">\n<div class=\"wp-block-coblocks-accordion-item\"><details><summary class=\"wp-block-coblocks-accordion-item__title\">Article 1 \u2013 Utilisation des cookies<\/summary><div class=\"wp-block-coblocks-accordion-item__content\">\n<p class=\"wp-block-paragraph\">Notre site internet&nbsp;<a href=\"https:\/\/www.ridernutrition.net\/\">https:\/\/www.ridernutrition.net<\/a>&nbsp;utilise des cookies.<\/p>\n\n\n\n<p class=\"wp-block-paragraph\">Un cookie est un petit fichier qui est envoy\u00e9 avec les pages de ce site internet et qui est stock\u00e9 par votre navigateur sur votre disque dur \u00e0 partir de votre ordinateur, t\u00e9l\u00e9phone portable, montre connect\u00e9e ou tablette. Les informations qui y sont stock\u00e9es peuvent \u00eatre retourn\u00e9es \u00e0 nos serveurs lors d\u2019une visite ult\u00e9rieure.<\/p>\n\n\n\n<p class=\"wp-block-paragraph\">L\u2019utilisation de cookies est d\u2019une grande importance pour le bon fonctionnement de notre site internet. Gr\u00e2ce \u00e0 la contribution (anonyme) des visiteurs, nous pouvons am\u00e9liorer l\u2019utilisation du site internet&nbsp;et le rendre plus convivial.<\/p>\n<\/div><\/details><\/div>\n\n\n\n<div class=\"wp-block-coblocks-accordion-item\"><details><summary class=\"wp-block-coblocks-accordion-item__title\">Article 2 \u2013 Consentement<\/summary><div class=\"wp-block-coblocks-accordion-item__content\">\n<p class=\"wp-block-paragraph\">Votre consentement est requis pour l\u2019utilisation de certains cookies. Nous le recueillons au moyen d\u2019une banni\u00e8re informative.<\/p>\n<\/div><\/details><\/div>\n\n\n\n<div class=\"wp-block-coblocks-accordion-item\"><details><summary class=\"wp-block-coblocks-accordion-item__title\">Article 3 \u2013 Les types de cookies utilis\u00e9s et leurs objectifs<\/summary><div class=\"wp-block-coblocks-accordion-item__content\">\n<p class=\"wp-block-paragraph\">Nous utilisons les cookies suivants :<\/p>\n\n\n\n<ul class=\"wp-block-list\">\n<li><strong>Cookies fonctionnels :<\/strong>\u00a0ils nous permettent d\u2019am\u00e9liorer le fonctionnement du site internet et de le rendre plus convivial pour le visiteur. Par exemple, nous stockons vos donn\u00e9es de connexion.<\/li>\n\n\n\n<li><strong>Cookies de mesure d\u2019audience\u00a0<\/strong>: ils garantissent qu\u2019un cookie anonyme est g\u00e9n\u00e9r\u00e9 \u00e0 chaque fois que vous visitez un site internet. Ces cookies permettent de savoir si vous avez d\u00e9j\u00e0 visit\u00e9 le site auparavant ou non. Ce n\u2019est que lors de la premi\u00e8re visite qu\u2019un cookie est cr\u00e9\u00e9. Lors des visites suivantes, l\u2019utilisation du cookie d\u00e9j\u00e0 existant est automatique. Ce cookie n\u2019est utilis\u00e9 qu\u2019\u00e0 des fins statistiques. De cette fa\u00e7on, les donn\u00e9es suivantes peuvent \u00eatre collect\u00e9es :\n<ul class=\"wp-block-list\">\n<li>Le nombre de visiteurs uniques ;<\/li>\n\n\n\n<li>La fr\u00e9quence \u00e0 laquelle les utilisateurs visitent le site ;<\/li>\n\n\n\n<li>Les pages que les visiteurs consultent ;<\/li>\n\n\n\n<li>La dur\u00e9e de consultation d\u2019une page particuli\u00e8re par les visiteurs ;<\/li>\n\n\n\n<li>La page \u00e0 partir de laquelle les visiteurs quittent le site.<\/li>\n<\/ul>\n<\/li>\n\n\n\n<li><strong>Cookies de suivi<\/strong>\u00a0: ils permettent d\u2019analyser votre navigation, vos habitudes de consultation ou de consommation sur les sites du r\u00e9seau, dans le but de vous proposer des publicit\u00e9s cibl\u00e9es ou des services personnalis\u00e9s. Le profil qui est \u00e9tabli en fonction de ces donn\u00e9es n\u2019est pas li\u00e9 \u00e0 votre nom, adresse, adresse e-mail, etc., mais sert uniquement \u00e0 faire correspondre les publicit\u00e9s \u00e0 votre profil, afin qu\u2019elles soient aussi pertinentes que possible pour vous. Nous recueillons votre consentement pour ces cookies. Ils ne seront pas install\u00e9s sans votre consentement.<\/li>\n<\/ul>\n\n\n\n<p class=\"wp-block-paragraph\">Les cookies suivants sont pr\u00e9sents sur ce site :<\/p>\n\n\n\n<p class=\"wp-block-paragraph\"><strong>Cookies Google :<\/strong><\/p>\n\n\n\n<ul class=\"wp-block-list\">\n<li>Google Analytics : permet de mesurer l\u2019audience du site.<\/li>\n\n\n\n<li>Google Tag Manager : facilite la mise en place des tags sur les pages et permet de g\u00e9rer les balises Google.<\/li>\n\n\n\n<li>Google Adsense : r\u00e9gie publicitaire de Google utilisant les sites web ou les vid\u00e9os YouTube comme support pour ses annonces.<\/li>\n\n\n\n<li>Google Dynamic Remarketing : permet de vous proposer de la publicit\u00e9 dynamique en fonction des pr\u00e9c\u00e9dentes recherches.<\/li>\n\n\n\n<li>Google Adwords Conversion : outil de suivi des campagnes publicitaires AdWords.<\/li>\n\n\n\n<li>DoubleClick : cookies publicitaires de Google pour diffuser des banni\u00e8res.<\/li>\n<\/ul>\n<\/div><\/details><\/div>\n\n\n\n<div class=\"wp-block-coblocks-accordion-item\"><details><summary class=\"wp-block-coblocks-accordion-item__title\">Article 4 \u2013 Vos droits \u00e0 l\u2019\u00e9gard de vos donn\u00e9es personnelles<\/summary><div class=\"wp-block-coblocks-accordion-item__content\">\n<p class=\"wp-block-paragraph\">Vous disposez d\u2019un droit d\u2019acc\u00e8s, de rectification, de limitation et de suppression de vos donn\u00e9es personnelles. En outre, vous avez le droit de vous opposer au traitement des donn\u00e9es personnelles et le droit \u00e0 la transf\u00e9rabilit\u00e9 de vos donn\u00e9es. Vous pouvez exercer ces droits en nous envoyant un e-mail \u00e0 l\u2019adresse suivante\u00a0:\u00a0<a href=\"mailto:contact@ridernutrition.net\">contact@ridernutrition.net<\/a>. Afin de pr\u00e9venir les abus, nous pouvons vous demander de vous identifier sur notre site. Lorsqu\u2019il s\u2019agit d\u2019acc\u00e9der \u00e0 des donn\u00e9es personnelles li\u00e9es \u00e0 un cookie, nous vous demandons de nous envoyer une copie du cookie en question. Vous pouvez les trouver dans les param\u00e8tres de votre navigateur.<\/p>\n<\/div><\/details><\/div>\n\n\n\n<div class=\"wp-block-coblocks-accordion-item\"><details><summary class=\"wp-block-coblocks-accordion-item__title\">Article 5 \u2013 Blocage et suppression des cookies<\/summary><div class=\"wp-block-coblocks-accordion-item__content\">\n<p class=\"wp-block-paragraph\">Vous pouvez facilement bloquer et supprimer vous-m\u00eame les cookies \u00e0 tout moment, par le biais de votre navigateur internet. Vous pouvez \u00e9galement configurer votre navigateur internet de mani\u00e8re \u00e0 recevoir un message lorsqu\u2019un cookie est install\u00e9. Vous pouvez \u00e9galement indiquer que certains cookies ne peuvent pas \u00eatre install\u00e9s. Pour cela, veuillez consulter la fonction d\u2019aide de votre navigateur. Si vous supprimez les cookies de votre navigateur, cela peut avoir des cons\u00e9quences sur l\u2019utilisation de notre site internet.<\/p>\n\n\n\n<p class=\"wp-block-paragraph\">Certains cookies de suivi sont install\u00e9s par des tiers qui vous affichent des publicit\u00e9s via notre site internet. Vous pouvez supprimer ces cookies de mani\u00e8re centralis\u00e9e via&nbsp;<a href=\"http:\/\/www.youronlinechoices.eu\/\" target=\"_blank\" rel=\"noreferrer noopener\">www.youronlinechoices.eu<\/a>.<\/p>\n\n\n\n<p class=\"wp-block-paragraph\">Veuillez noter que si vous ne voulez pas de cookies, nous ne serons plus en mesure de garantir le bon fonctionnement de notre site internet. Certaines caract\u00e9ristiques du site peuvent \u00eatre alt\u00e9r\u00e9es et dans certains cas, vous ne pourrez plus acc\u00e9der au site. De plus, le refus des cookies ne signifie pas que vous ne verrez aucune publicit\u00e9. Les annonces ne sont plus adapt\u00e9es \u00e0 vos centres d\u2019int\u00e9r\u00eat et peuvent donc appara\u00eetre plus souvent.<\/p>\n\n\n\n<p class=\"wp-block-paragraph\">Les \u00e9tapes \u00e0 suivre pour ajuster vos param\u00e8tres varient d\u2019un navigateur \u00e0 un autre. Vous pouvez consulter la fonction d\u2019aide de votre navigateur ou cliquer sur l\u2019un des liens ci-dessous pour acc\u00e9der directement au manuel de votre navigateur&nbsp;:<\/p>\n\n\n\n<ul class=\"wp-block-list\">\n<li>Firefox :\u00a0<a href=\"https:\/\/support.mozilla.org\/fr\/kb\/effacer-les-cookies-pour-supprimer-les-information\" target=\"_blank\" rel=\"noreferrer noopener\">https:\/\/support.mozilla.org\/fr\/kb\/effacer-les-cookies-pour-supprimer-les-information<\/a><\/li>\n\n\n\n<li>Google Chrome :\u00a0<a href=\"https:\/\/support.google.com\/chrome\/answer\/95647?co=GENIE.Platform=Desktop&amp;hl=fr\" target=\"_blank\" rel=\"noreferrer noopener\">https:\/\/support.google.com\/chrome\/answer\/95647?co=GENIE.Platform=Desktop&amp;hl=fr<\/a><\/li>\n\n\n\n<li>Microsoft Edge :\u00a0<a href=\"https:\/\/support.microsoft.com\/fr-fr\/microsoft-edge\" target=\"_blank\" rel=\"noreferrer noopener\">https:\/\/support.microsoft.com\/fr-fr\/microsoft-edge<\/a><\/li>\n\n\n\n<li>Safari :\u00a0<a href=\"https:\/\/support.apple.com\/kb\/ph21411?locale=fr_FR\" target=\"_blank\" rel=\"noreferrer noopener\">https:\/\/support.apple.com\/kb\/ph21411?locale=fr_FR<\/a><\/li>\n<\/ul>\n<\/div><\/details><\/div>\n\n\n\n<div class=\"wp-block-coblocks-accordion-item\"><details><summary class=\"wp-block-coblocks-accordion-item__title\">Article 6 \u2013 Nouveaux d\u00e9veloppements et cookies non pr\u00e9vus<\/summary><div class=\"wp-block-coblocks-accordion-item__content\">\n<p class=\"wp-block-paragraph\">Sur certaines de nos pages, nous pouvons utiliser du contenu qui est h\u00e9berg\u00e9 sur d\u2019autres sites internet et qui est rendu accessible via notre site internet au moyen de certains codes (contenu int\u00e9gr\u00e9). Ces codes utilisent souvent des cookies. Nous n\u2019avons cependant aucun contr\u00f4le sur ce que ces tiers font de leurs cookies.<\/p>\n\n\n\n<p class=\"wp-block-paragraph\">Il est \u00e9galement possible que, par l\u2019interm\u00e9diaire de notre site internet, des cookies soient plac\u00e9s par d\u2019autres personnes. Si vous avez trouv\u00e9 sur notre site internet des cookies que nous n\u2019avons pas identifi\u00e9s, veuillez-nous le faire savoir par e-mail \u00e0&nbsp;<a href=\"mailto:contact@ridernutrition.net\">contact@ridernutrition.net<\/a>. Vous pouvez \u00e9galement contacter directement le tiers et lui demander quels sont les cookies qu\u2019il place, quelle en est la raison, quelle est la dur\u00e9e de vie des cookies et quelles sont les mesures pour prot\u00e9ger votre vie priv\u00e9e.<\/p>\n<\/div><\/details><\/div>\n\n\n\n<div class=\"wp-block-coblocks-accordion-item\"><details><summary class=\"wp-block-coblocks-accordion-item__title\">Article 7 \u2013 Remarques<\/summary><div class=\"wp-block-coblocks-accordion-item__content\">\n<p class=\"wp-block-paragraph\">Compte tenu de l\u2019\u00e9volution permanente de la r\u00e9glementation, nous devons mettre \u00e0 jour cette politique d\u2019utilisation des cookies r\u00e9guli\u00e8rement. Nous vous prions donc de consulter cette page r\u00e9guli\u00e8rement pour prendre connaissance de la derni\u00e8re version de notre politique d\u2019utilisation des cookies.<\/p>\n\n\n\n<p class=\"wp-block-paragraph\">Si vous avez des questions et\/ou des commentaires, veuillez nous contacter \u00e0 l\u2019adresse e-mail suivante :&nbsp;<a href=\"mailto:contact@ridernutrition.net\">contact@ridernutrition.net<\/a>.<\/p>\n<\/div><\/details><\/div>\n<\/div>\n","protected":false},"excerpt":{"rendered":"","protected":false},"author":1,"featured_media":0,"parent":0,"menu_order":0,"comment_status":"closed","ping_status":"closed","template":"","meta":{"_coblocks_attr":"","_coblocks_dimensions":"","_coblocks_responsive_height":"","_coblocks_accordion_ie_support":"","_crdt_document":"","_themeisle_gutenberg_block_has_review":false,"footnotes":""},"class_list":["post-176","page","type-page","status-publish","hentry"],"jetpack_sharing_enabled":true,"_links":{"self":[{"href":"https:\/\/www.ridernutritionpro.net\/index.php?rest_route=\/wp\/v2\/pages\/176","targetHints":{"allow":["GET"]}}],"collection":[{"href":"https:\/\/www.ridernutritionpro.net\/index.php?rest_route=\/wp\/v2\/pages"}],"about":[{"href":"https:\/\/www.ridernutritionpro.net\/index.php?rest_route=\/wp\/v2\/types\/page"}],"author":[{"embeddable":true,"href":"https:\/\/www.ridernutritionpro.net\/index.php?rest_route=\/wp\/v2\/users\/1"}],"replies":[{"embeddable":true,"href":"https:\/\/www.ridernutritionpro.net\/index.php?rest_route=%2Fwp%2Fv2%2Fcomments&post=176"}],"version-history":[{"count":1,"href":"https:\/\/www.ridernutritionpro.net\/index.php?rest_route=\/wp\/v2\/pages\/176\/revisions"}],"predecessor-version":[{"id":177,"href":"https:\/\/www.ridernutritionpro.net\/index.php?rest_route=\/wp\/v2\/pages\/176\/revisions\/177"}],"wp:attachment":[{"href":"https:\/\/www.ridernutritionpro.net\/index.php?rest_route=%2Fwp%2Fv2%2Fmedia&parent=176"}],"curies":[{"name":"wp","href":"https:\/\/api.w.org\/{rel}","templated":true}]}}